 base 16?
-1
0 (base 11) to base 10
0
-1100 (base 2) to base 16
-c
-46 (base 14) to base 8
-76
Convert 2 (base 14) to base 8.
2
34 (base 8) to base 5
103
What is -4 (base 11) in base 4?
-10
What is -54 (base 13) in base 12?
-59
What is 301 (base 6) in base 14?
7b
112 (base 3) to base 9
15
Convert -114 (base 6) to base 8.
-56
What is -5a (base 16) in base 2?
-1011010
Convert 1015 (base 6) to base 9.
272
What is -14 (base 10) in base 12?
-12
What is -9 (base 11) in base 9?
-10
Convert -2 (base 8) to base 15.
-2
Convert 4 (base 13) to base 5.
4
What is 3 (base 16) in base 8?
3
-58 (base 14) to base 6
-210
Convert -1 (base 10) to base 13.
-1
What is 2 (base 6) in base 11?
2
What is 4 (base 11) in base 5?
4
30 (base 4) to base 13
c
Convert 48 (base 10) to base 12.
40
Convert 1 (base 9) to base 16.
1
Convert -14 (base 5) to base 8.
-11
What is -150 (base 10) in base 4?
-2112
Convert 5 (base 7) to base 5.
10
Convert 0 (base 14) to base 16.
0
Convert 22 (base 6) to base 14.
10
Convert 0 (base 13) to base 9.
0
5 (base 9) to base 8
5
What is 11 (base 2) in base 12?
3
What is 12 (base 4) in base 14?
6
111001 (base 2) to base 14
41
What is -350 (base 6) in base 9?
-163
What is 10 (base 2) in base 15?
2
-2b (base 14) to base 7
-54
What is -32 (base 7) in base 6?
-35
What is 5 (base 6) in base 11?
5
What is -1c (base 15) in base 14?
-1d
What is 1221 (base 4) in base 7?
210
Convert 69 (base 10) to base 11.
63
What is 17 (base 14) in base 4?
111
What is -10 (base 5) in base 9?
-5
What is 21 (base 7) in base 4?
33
What is -6 (base 11) in base 13?
-6
What is -13 (base 7) in base 14?
-a
What is -12 (base 5) in base 13?
-7
What is -c (base 15) in base 6?
-20
What is a0 (base 14) in base 3?
12012
Convert -215 (base 11) to base 12.
-196
What is 275 (base 10) in base 8?
423
-1 (base 6) to base 13
-1
Convert e (base 15) to base 5.
24
-1000 (base 6) to base 3
-22000
-37 (base 15) to base 2
-110100
-2 (base 10) to base 14
-2
What is 3 (base 6) in base 2?
11
Convert 0 (base 8) to base 11.
0
Convert 26 (base 16) to base 5.
123
6 (base 14) to base 11
6
-11 (base 11) to base 13
-c
-92 (base 14) to base 5
-1003
100011 (base 2) to base 16
23
What is 3 (base 8) in base 15?
3
-1 (base 3) to base 12
-1
What is 6 (base 14) in base 7?
6
-1 (base 8) to base 7
-1
What is 1 (base 14) in base 4?
1
Convert 1 (base 3) to base 10.
1
Convert 1 (base 6) to base 3.
1
What is -108 (base 13) in base 3?
-20120
What is -1020 (base 4) in base 15?
-4c
-101 (base 2) to base 6
-5
Convert 100 (base 2) to base 10.
4
-2010 (base 4) to base 8
-204
1001 (base 2) to base 13
9
What is 42 (base 15) in base 2?
111110
Convert 209 (base 10) to base 2.
11010001
Convert -15 (base 9) to base 2.
-1110
Convert 21 (base 5) to base 14.
b
Convert 9d (base 14) to base 7.
256
Convert -2 (base 13) to base 7.
-2
14 (base 16) to base 8
24
15 (base 10) to base 3
120
Convert -1010010 (base 2) to base 12.
-6a
5 (base 13) to base 7
5
Convert 2 (base 7) to base 5.
2
Convert 21 (base 16) to base 14.
25
Convert 2 (base 7) to base 2.
10
1 (base 10) to base 7
1
Convert 7 (base 15) to base 14.
7
Convert 23 (base 4) to base 14.
b
What is -110 (base 6) in base 16?
-2a
-b2 (base 13) to base 12
-101
What is -15 (base 7) in base 13?
-c
What is -2 (base 14) in base 12?
-2
10011 (base 2) to base 15
14
What is 1000 (base 2) in base 3?
22
What is 1 (base 8) in base 9?
1
12 (base 5) to base 9
7
What is -1 (base 5) in base 11?
-1
What is -204 (base 7) in base 6?
-250
44 (base 8) to base 16
24
-21 (base 4) to base 7
-12
What is -3 (base 10) in base 2?
-11
Convert 14 (base 10) to base 2.
1110
What is 3 (base 5) in base 4?
3
Convert -2 (base 7) to base 5.
-2
What is 11 (base 3) in base 16?
4
Convert 211 (base 3) to base 13.
19
Convert -56 (base 9) to base 7.
-102
14a (base 12) to base 13
127
c (base 13) to base 5
22
-49 (base 12) to base 7
-111
Convert -4 (base 13) to base 9.
-4
Convert 5 (base 9) to base 12.
5
What is -5 (base 10) in base 9?
-5
Convert 35 (base 14) to base 8.
57
Convert 4 (base 11) to base 7.
4
Convert -5 (base 12) to base 8.
-5
Convert 3 (base 8) to base 12.
3
Convert 0 (base 9) to base 16.
0
What is -1314 (base 5) in base 13?
-131
-17 (base 10) to base 2
-10001
-11 (base 3) to base 11
-4
What is 100 (base 6) in base 16?
24
-1010 (base 2) to base 13
-a
110 (base 5) to base 13
24
Convert -2 (base 15) to base 7.
-2
Convert -31 (base 4) to base 6.
-21
What is -9 (base 14) in base 3?
-100
Convert 11 (base 6) to base 4.
13
Convert 1 (base 7) to base 12.
1
-51 (base 13) to base 7
-123
Convert 10 (base 8) to base 15.
8
-27 (base 11) to base 8
-35
What is 42 (base 6) in base 13?
20
Convert -b3 (base 13) to base 12.
-102
What is -5 (base 8) in base 9?
-5
-1 (base 4) to base 8
-1
Convert 7a (base 12) to base 16.
5e
-11 (base 2) to base 4
-3
2 (base 9) to base 11
2
What is 1 (base 3) in base 16?
1
What is 36 (base 9) in base 14?
25
What is 1 (base 8) in base 15?
1
5 (base 14) to base 12
5
Convert 1 (base 8) to base 16.
1
Convert 112 (base 11) to base 10.
134
5 (base 11) to base 16
5
-12 (base 3) to base 7
-5
1010 (base 5) to base 16
82
-25 (base 7) to base 15
-14
What is -38 (base 12) in base 4?
-230
221 (base 6) to base 7
151
13 (base 6) to base 7
12
What is -14 (base 9) in base 11?
-12
What is 4 (base 15) in base 6?
4
What is -555 (base 7) in base 4?
-10131
What is 1 (base 9) in base 3?
1
10022 (base 3) to base 15
5e
-2 (base 6) to base 11
-2
Convert 81 (base 14) to base 10.
113
What is -52 (base 9) in base 15?
-32
-b (base 13) to base 16
-b
What is -9 (base 14) in base 7?
-12
Convert -2 (base 6) to base 11.
-2
What is -185 (base 14) in base 2?
-100111001
18 (base 12) to base 16
14
What is 2a (base 16) in base 6?
110
Convert 11 (base 11) to base 6.
20
Convert -22 (base 5) to base 13.
-c
-11022 (base 3) to base 6
-312
Convert -2 (base 13) to base 8.
-2
Convert 9 (base 13) to base 8.
11
-4 (base 9) to base 3
-11
What is -88 (base 13) in base 3?
-11011
Convert 0 (base 4) to base 14.
0
-53 (base 7) to base 5
-123
What is 0 (base 14) in base 7?
0
What is -56 (base 16) in base 12?
-72
What is -103 (base 8) in base 3?
-2111
-2102 (base 3) to base 5
-230
Convert 3 (base 14) to base 16.
3
18 (base 10) to base 8
22
-4 (base 13) to base 16
-4
What is -2 (base 3) in base 9?
-2
What is -a0 (base 14) in base 11?
-118
Convert 102 (base 9) to base 4.
1103
10000 (base 2) to base 11
15
Convert 3 (base 15) to base 7.
3
Convert -23 (base 6) to base 4.
-33
0 (base 2) to base 7
0
-23 (base 11) to base 16
-19
What is -10 (base 14) in base 11?
-13
What is -6 (base 13) in base 15?
-6
What is 231 (base 6) in base 11?
83
What is 0 (base 15) in base 5?
0
What is 6 (base 13) in base 11?
6
9 (base 12) to base 13
9
-1011000 (base 2) to base 7
-154
111 (base 2) to base 12
7
Convert -54 (base 12) to base 16.
-40
-205 (base 6) to base 12
-65
What is -27 (base 15) in base 16?
-25
What is -38 (base 12) in base 7?
-62
-515 (base 6) to base 5
-1231
-6 (base 12) to base 14
-6
Convert -38 (base 9) to base 14.
-27
Convert 6 (base 14) to base 7.
6
-5 (base 11) to base 9
-5
What is 2 (base 14) in base 10?
2
What is -1214 (base 6) in base 11?
-251
Convert -3 (base 5) to base 16.
-3
What is -11112 (base 3) in base 15?
-82
Convert -a (base 12) to base 8.
-12
1 (base 9) to base 8
1
What is 2 (base 3) in base 13?
2
Convert -1000101 (base 2) to base 4.
-1011
What is -5 (base 6) in base 7?
-5
Convert 27 (base 15) to base 7.
52
-2 (base 14) to base 7
-2
What is -241 (base 5) in base 16?
-47
What is 1001 (base 3) in base 14?
20
Convert 13 (base 5) to base 11.
8
-4 (base 5) to base 13
-4
What is 1100 (base 2) in base 11?
11
Convert -2 (base 10) to base 13.
-2
What is 341 (base 8) in base 7?
441
2221 (base 5) to base 8
467
What is -248 (base 11) in base 4?
-10212
What is 24 (base 6) in base 11?
15
Convert 10101011 (base 2) to base 15.
b6
Convert -11001 (base 3) to base 15.
-74
89 (base 16) to base 12
b5
What is -76 (base 13) in base 14?
-6d
6 (base 7) to base 5
11
40 (base 5) to base 15
15
Convert -3 (base 7) to base 2.
-11
What is 0 (base 5) in base 13?
0
What is 29 (base 12) in base 13?
27
Convert 4 (base 10) to base 11.
4
What is 10 (base 3) in base 13?
3
Convert -b (base 15) to base 11.
-10
Convert -4 (base 7) to base 3.
-11
What is -12 (base 9) in base 3?
-102
21 (base 5) to ba